{"id":244,"date":"2014-09-13T14:05:44","date_gmt":"2014-09-13T12:05:44","guid":{"rendered":"http:\/\/www.wingertsbergschule-lorsch.de\/?page_id=244"},"modified":"2026-04-27T15:28:47","modified_gmt":"2026-04-27T13:28:47","slug":"schuelerbetreuung","status":"publish","type":"page","link":"http:\/\/www.wingertsbergschule-lorsch.de\/?page_id=244","title":{"rendered":"Sch\u00fclerbetreuung"},"content":{"rendered":"<p>&nbsp;<\/p>\n<p>_________________________________________________________________________________________________<\/p>\n<p style=\"text-align: center;\"><span style=\"font-family: comic; font-size: 12pt; color: #ff0000;\"><em>Achtung!!!<\/em><\/span><\/p>\n<p style=\"text-align: center;\"><span style=\"font-family: comic; font-size: 12pt; color: #000000;\"><em>Betreuung &#8211; Tr\u00e4gerwechsel<\/em><\/span><\/p>\n<p><span style=\"font-family: comic; font-size: 12pt; color: #000000;\">Ab dem Schuljahr 2026\/2027 wird der Tr\u00e4ger der Betreuung wechseln, zuk\u00fcnftig wird <span style=\"color: #ff0000;\">KuBus e.V. aus Lindenfels<\/span> dies \u00fcbernehmen. Ein Infoschreiben des neuen Tr\u00e4gers finden sie <a style=\"color: #000000;\" href=\"http:\/\/www.wingertsbergschule-lorsch.de\/wp-content\/uploads\/2026\/03\/Elterninformationsbrief-Traegerwechsel-Lorsch.pdf\" target=\"_blank\" rel=\"noopener\"><span style=\"color: #0000ff;\">hier<\/span><\/a>. Zur Homepage von KuBus e.V. geht es <a style=\"color: #000000;\" href=\"https:\/\/www.kubus-kroeckelbach.de\/de\/kubuS-e-v.html\" target=\"_blank\" rel=\"noopener\"><span style=\"color: #0000ff;\">hier<\/span><\/a> entlang.<\/span><\/p>\n<p><span style=\"font-family: comic; font-size: 12pt; color: #000000;\">Aktuelle Informationen zu einem Elternabend finden Sie <a style=\"color: #000000;\" href=\"http:\/\/www.wingertsbergschule-lorsch.de\/wp-content\/uploads\/2026\/04\/Einladung-Elternabend-Wingertsbergschule-28.04.26.pdf\" target=\"_blank\" rel=\"noopener\"><span style=\"color: #0000ff;\">hier<\/span>.<\/a> Zu diesem Elternabend in der Werner-von-Siemens Sporthalle sind alle Eltern eingeladen, die weiterhin Ihr Kind betreuen lassen wollen oder zuk\u00fcnftig das Angebot von KuBus nutzen m\u00f6chten. Klicken Sie hier, um alles zu den <span style=\"color: #0000ff;\"><a style=\"color: #0000ff;\" href=\"http:\/\/www.wingertsbergschule-lorsch.de\/wp-content\/uploads\/2026\/03\/KuBus-Elternbrief-Zugang-zu-den-Betreuungsvertraegen-Lorsch.pdf\" target=\"_blank\" rel=\"noopener\">Betreuungsvertr\u00e4gen<\/a><\/span> zu erfahren.<\/span><\/p>\n<p>__________________________________________________________________________________________________<\/p>\n<p>&nbsp;<\/p>\n<p><a href=\"https:\/\/www.wingertsbergschule-lorsch.de\/?attachment_id=4573\" rel=\"attachment wp-att-4573\"><img loading=\"lazy\" class=\" wp-image-4573 aligncenter\" src=\"http:\/\/www.wingertsbergschule-lorsch.de\/wp-content\/uploads\/2025\/11\/RZ_GaBiBe_gGmbH_Logo_RGB_4C_HI-Res-300x300.jpg\" alt=\"\" width=\"176\" height=\"176\" srcset=\"http:\/\/www.wingertsbergschule-lorsch.de\/wp-content\/uploads\/2025\/11\/RZ_GaBiBe_gGmbH_Logo_RGB_4C_HI-Res-300x300.jpg 300w, http:\/\/www.wingertsbergschule-lorsch.de\/wp-content\/uploads\/2025\/11\/RZ_GaBiBe_gGmbH_Logo_RGB_4C_HI-Res-1024x1024.jpg 1024w, http:\/\/www.wingertsbergschule-lorsch.de\/wp-content\/uploads\/2025\/11\/RZ_GaBiBe_gGmbH_Logo_RGB_4C_HI-Res-150x150.jpg 150w, http:\/\/www.wingertsbergschule-lorsch.de\/wp-content\/uploads\/2025\/11\/RZ_GaBiBe_gGmbH_Logo_RGB_4C_HI-Res-768x768.jpg 768w, http:\/\/www.wingertsbergschule-lorsch.de\/wp-content\/uploads\/2025\/11\/RZ_GaBiBe_gGmbH_Logo_RGB_4C_HI-Res-1536x1536.jpg 1536w, http:\/\/www.wingertsbergschule-lorsch.de\/wp-content\/uploads\/2025\/11\/RZ_GaBiBe_gGmbH_Logo_RGB_4C_HI-Res-2048x2048.jpg 2048w\" sizes=\"(max-width: 176px) 100vw, 176px\" \/><\/a><span style=\"color: #000000; font-family: comic; font-size: 12pt;\"><strong>Liebe Eltern, wir stellen EUCH <\/strong><\/span><\/p>\n<p><span style=\"color: #000000; font-family: comic; font-size: 12pt;\"><strong>unseren Tr\u00e4ger <\/strong><span style=\"font-size: 14pt;\"><strong><u>GaBiBe gGmbH<\/u><\/strong><\/span><strong> vor, der Name steht f\u00fcr<\/strong><\/span><\/p>\n<p style=\"text-align: center;\"><span style=\"color: #000000; font-family: comic; font-size: 18pt;\"><span style=\"color: #3366ff;\"><strong><u>Ga<\/u><\/strong><\/span>nztags <span style=\"color: #3366ff;\"><strong><u>Bi<\/u><\/strong><\/span>ldung und <span style=\"color: #3366ff;\"><strong><u>Be<\/u><\/strong><\/span>treuung<\/span><\/p>\n<p><span style=\"color: #3366ff; font-family: comic; font-size: 12pt;\"><strong>Von Eltern \u201ef\u00fcr Eltern und Kinder\u201c<\/strong><\/span><\/p>\n<p><span style=\"color: #000000; font-family: comic; font-size: 12pt;\">Das <span style=\"color: #3366ff;\"><strong>Ziel<\/strong><\/span> der <span style=\"color: #3366ff;\"><strong>GaBiBe gGmbH<\/strong><\/span>\u00a0ist es,\u00a0die offene Ganztagsschule f\u00fcr alle Eltern\u00a0<span style=\"color: #3366ff;\"><strong>erschwinglich<\/strong><\/span>\u00a0zu gestalten, sowie die monet\u00e4ren Mittel in der Schule zu behalten und letztendlich zu einer\u00a0<span style=\"color: #3366ff;\"><strong>Entlastung ALLER<\/strong><\/span>\u00a0beizutragen.<\/span><\/p>\n<p><span style=\"color: #000000; font-family: comic; font-size: 12pt;\">Sie m\u00f6chten mehr \u00fcber die <span style=\"color: #3366ff;\"><strong>GaBiBe gGmbH<\/strong><\/span> und deren Arbeit erfahren.<\/span><\/p>\n<p><span style=\"color: #000000; font-family: comic; font-size: 12pt;\">Dann besuchen Sie die Website <a style=\"color: #000000;\" href=\"http:\/\/www.gabibe-ggmbh.de\"><span style=\"color: #0000ff;\">www.gabibe-ggmbh.de<\/span><\/a> und informieren sich u.a. im Bereich<\/span><\/p>\n<ul>\n<li style=\"text-align: center;\"><span style=\"color: #000000; font-family: comic; font-size: 12pt;\"><strong>Teilhabe\/Inklusion<\/strong><\/span><\/li>\n<li style=\"text-align: center;\"><span style=\"color: #000000; font-family: comic; font-size: 12pt;\"><strong>Lernf\u00f6rderung<\/strong><\/span><\/li>\n<li style=\"text-align: center;\"><span style=\"color: #000000; font-family: comic; font-size: 12pt;\"><strong>Schulkindbetreuung<\/strong><\/span><\/li>\n<li style=\"text-align: center;\"><span style=\"color: #000000; font-family: comic; font-size: 12pt;\"><strong>Erlebnisp\u00e4dagogik<\/strong><\/span><\/li>\n<\/ul>\n<p>&nbsp;<\/p>\n<p><span style=\"color: #000000; font-family: comic; font-size: 12pt;\">Melden Sie sich direkt f\u00fcr die <strong>NEWS <\/strong>der Wingertsbergschule unter folgendem Link an:<\/span><\/p>\n<p><span style=\"color: #000000; font-family: comic; font-size: 12pt;\"><a style=\"color: #000000;\" href=\"https:\/\/www.gabibe-ggmbh.de\/wingertsbergschule\"><span style=\"color: #0000ff;\">Wingertsbergschule &#8211; GaBiBe (gabibe-ggmbh.de)<\/span><\/a><a href=\"http:\/\/www.wingertsbergschule-lorsch.de\/?attachment_id=3946\" rel=\"attachment wp-att-3946\"><img loading=\"lazy\" class=\"alignleft wp-image-3946\" src=\"http:\/\/www.wingertsbergschule-lorsch.de\/wp-content\/uploads\/2022\/08\/NewsLetter-300x241.png\" alt=\"\" width=\"207\" height=\"166\" srcset=\"http:\/\/www.wingertsbergschule-lorsch.de\/wp-content\/uploads\/2022\/08\/NewsLetter-300x241.png 300w, http:\/\/www.wingertsbergschule-lorsch.de\/wp-content\/uploads\/2022\/08\/NewsLetter.png 570w\" sizes=\"(max-width: 207px) 100vw, 207px\" \/><\/a><\/span><\/p>\n<h6><span style=\"font-family: comic; font-size: 10pt; color: #000000;\">Dies ist das Formular zur Anmeldung <\/span><\/h6>\n<h6><span style=\"font-family: comic; font-size: 10pt; color: #000000;\">der News unter dem oben genannten Link.<\/span><\/h6>\n<h6><span style=\"font-family: comic; font-size: 10pt; color: #000000;\">Einfach ausf\u00fcllen und immer per Mail <\/span><\/h6>\n<h6><span style=\"font-family: comic; font-size: 10pt; color: #000000;\">\u00fcber die neuesten News informiert werden.<\/span><\/h6>\n<p>&nbsp;<\/p>\n<p style=\"text-align: center;\"><span style=\"color: #000000; font-family: comic; font-size: 12pt;\">Die Kontaktdaten der <span style=\"color: #0000ff;\"><strong>GaBiBe gGmbH<\/strong><\/span>: <\/span><\/p>\n<p style=\"text-align: center;\"><span style=\"color: #000000; font-family: comic; font-size: 12pt;\">Tel.-Nr.:\u00a0 06252 &#8211; 699 800 \/ E-Mail: kontakt@gabibe-ggmbh.de<\/span><\/p>\n<p>&nbsp;<\/p>\n<p>&nbsp;<\/p>\n<p>&nbsp;<\/p>\n<p align=\"center\"><span style=\"font-size: 12pt; font-family: Comic Sans MS, sans-serif; color: #ff0000;\">Wir danken der bisherige Sch\u00fclerbetreuung f\u00fcr die kooperative Zusammenarbeit:<\/span><\/p>\n<p align=\"center\"><strong><span style=\"font-size: 14pt; font-family: Comic Sans MS,sans-serif; color: #000000;\">SCH\u00dcLERBETREUUNG WINGERTSBERGSCHULE LORSCH e.V.<\/span><\/strong><\/p>\n<p align=\"center\"><span style=\"font-size: 14pt; font-family: Comic Sans MS,sans-serif;\"><a href=\"http:\/\/www.lorsch.de\/schuelerbetreuung\" target=\"_blank\" rel=\"noopener\">http:\/\/www.lorsch.de\/schuelerbetreuung<\/a><\/span><\/p>\n<p align=\"center\"><span style=\"font-family: comic; font-size: 12pt; color: #000000;\">Fasching der Sch\u00fclerbetreuung:<\/span><\/p>\n<p align=\"center\"><a href=\"http:\/\/www.wingertsbergschule-lorsch.de\/?attachment_id=3791\" rel=\"attachment wp-att-3791\"><img loading=\"lazy\" class=\"size-medium wp-image-3791 aligncenter\" src=\"http:\/\/www.wingertsbergschule-lorsch.de\/wp-content\/uploads\/2022\/03\/Fasching12022-300x225.jpg\" alt=\"\" width=\"300\" height=\"225\" srcset=\"http:\/\/www.wingertsbergschule-lorsch.de\/wp-content\/uploads\/2022\/03\/Fasching12022-300x225.jpg 300w, http:\/\/www.wingertsbergschule-lorsch.de\/wp-content\/uploads\/2022\/03\/Fasching12022-1024x768.jpg 1024w, http:\/\/www.wingertsbergschule-lorsch.de\/wp-content\/uploads\/2022\/03\/Fasching12022-768x576.jpg 768w, http:\/\/www.wingertsbergschule-lorsch.de\/wp-content\/uploads\/2022\/03\/Fasching12022-1536x1152.jpg 1536w, http:\/\/www.wingertsbergschule-lorsch.de\/wp-content\/uploads\/2022\/03\/Fasching12022-2048x1536.jpg 2048w\" sizes=\"(max-width: 300px) 100vw, 300px\" \/><\/a><\/p>\n<p align=\"center\"><a href=\"http:\/\/www.wingertsbergschule-lorsch.de\/wp-content\/uploads\/2018\/10\/BASozialpreis-f\u00fcr-Betreuung.pdf\">25.10.2018 Sozialpreis f\u00fcr Betreuung<\/a><\/p>\n<div class=\"pvc_clear\"><\/div>\n<p id=\"pvc_stats_244\" class=\"pvc_stats all  \" data-element-id=\"244\" style=\"\"><i class=\"pvc-stats-icon large\" aria-hidden=\"true\"><svg aria-hidden=\"true\" focusable=\"false\" data-prefix=\"far\" data-icon=\"chart-bar\" role=\"img\" xmlns=\"http:\/\/www.w3.org\/2000\/svg\" viewBox=\"0 0 512 512\" class=\"svg-inline--fa fa-chart-bar fa-w-16 fa-2x\"><path fill=\"currentColor\" d=\"M396.8 352h22.4c6.4 0 12.8-6.4 12.8-12.8V108.8c0-6.4-6.4-12.8-12.8-12.8h-22.4c-6.4 0-12.8 6.4-12.8 12.8v230.4c0 6.4 6.4 12.8 12.8 12.8zm-192 0h22.4c6.4 0 12.8-6.4 12.8-12.8V140.8c0-6.4-6.4-12.8-12.8-12.8h-22.4c-6.4 0-12.8 6.4-12.8 12.8v198.4c0 6.4 6.4 12.8 12.8 12.8zm96 0h22.4c6.4 0 12.8-6.4 12.8-12.8V204.8c0-6.4-6.4-12.8-12.8-12.8h-22.4c-6.4 0-12.8 6.4-12.8 12.8v134.4c0 6.4 6.4 12.8 12.8 12.8zM496 400H48V80c0-8.84-7.16-16-16-16H16C7.16 64 0 71.16 0 80v336c0 17.67 14.33 32 32 32h464c8.84 0 16-7.16 16-16v-16c0-8.84-7.16-16-16-16zm-387.2-48h22.4c6.4 0 12.8-6.4 12.8-12.8v-70.4c0-6.4-6.4-12.8-12.8-12.8h-22.4c-6.4 0-12.8 6.4-12.8 12.8v70.4c0 6.4 6.4 12.8 12.8 12.8z\" class=\"\"><\/path><\/svg><\/i> <img loading=\"lazy\" width=\"16\" height=\"16\" alt=\"Loading\" src=\"http:\/\/www.wingertsbergschule-lorsch.de\/wp-content\/plugins\/page-views-count\/ajax-loader-2x.gif\" border=0 \/><\/p>\n<div class=\"pvc_clear\"><\/div>\n","protected":false},"excerpt":{"rendered":"<p>&nbsp; _________________________________________________________________________________________________ Achtung!!! Betreuung &#8211; Tr\u00e4gerwechsel Ab dem Schuljahr 2026\/2027 wird der Tr\u00e4ger der Betreuung wechseln, zuk\u00fcnftig wird KuBus e.V. aus Lindenfels dies \u00fcbernehmen. Ein Infoschreiben des neuen Tr\u00e4gers finden sie hier. Zur Homepage von KuBus e.V. geht es hier entlang. Aktuelle Informationen zu einem Elternabend finden Sie hier. Zu diesem Elternabend in der Werner-von-Siemens [&hellip;]<\/p>\n<div class=\"pvc_clear\"><\/div>\n<p id=\"pvc_stats_244\" class=\"pvc_stats all  \" data-element-id=\"244\" style=\"\"><i class=\"pvc-stats-icon large\" aria-hidden=\"true\"><svg aria-hidden=\"true\" focusable=\"false\" data-prefix=\"far\" data-icon=\"chart-bar\" role=\"img\" xmlns=\"http:\/\/www.w3.org\/2000\/svg\" viewBox=\"0 0 512 512\" class=\"svg-inline--fa fa-chart-bar fa-w-16 fa-2x\"><path fill=\"currentColor\" d=\"M396.8 352h22.4c6.4 0 12.8-6.4 12.8-12.8V108.8c0-6.4-6.4-12.8-12.8-12.8h-22.4c-6.4 0-12.8 6.4-12.8 12.8v230.4c0 6.4 6.4 12.8 12.8 12.8zm-192 0h22.4c6.4 0 12.8-6.4 12.8-12.8V140.8c0-6.4-6.4-12.8-12.8-12.8h-22.4c-6.4 0-12.8 6.4-12.8 12.8v198.4c0 6.4 6.4 12.8 12.8 12.8zm96 0h22.4c6.4 0 12.8-6.4 12.8-12.8V204.8c0-6.4-6.4-12.8-12.8-12.8h-22.4c-6.4 0-12.8 6.4-12.8 12.8v134.4c0 6.4 6.4 12.8 12.8 12.8zM496 400H48V80c0-8.84-7.16-16-16-16H16C7.16 64 0 71.16 0 80v336c0 17.67 14.33 32 32 32h464c8.84 0 16-7.16 16-16v-16c0-8.84-7.16-16-16-16zm-387.2-48h22.4c6.4 0 12.8-6.4 12.8-12.8v-70.4c0-6.4-6.4-12.8-12.8-12.8h-22.4c-6.4 0-12.8 6.4-12.8 12.8v70.4c0 6.4 6.4 12.8 12.8 12.8z\" class=\"\"><\/path><\/svg><\/i> <img loading=\"lazy\" width=\"16\" height=\"16\" alt=\"Loading\" src=\"http:\/\/www.wingertsbergschule-lorsch.de\/wp-content\/plugins\/page-views-count\/ajax-loader-2x.gif\" border=0 \/><\/p>\n<div class=\"pvc_clear\"><\/div>\n","protected":false},"author":1,"featured_media":0,"parent":0,"menu_order":50,"comment_status":"closed","ping_status":"closed","template":"","meta":[],"_links":{"self":[{"href":"http:\/\/www.wingertsbergschule-lorsch.de\/index.php?rest_route=\/wp\/v2\/pages\/244"}],"collection":[{"href":"http:\/\/www.wingertsbergschule-lorsch.de\/index.php?rest_route=\/wp\/v2\/pages"}],"about":[{"href":"http:\/\/www.wingertsbergschule-lorsch.de\/index.php?rest_route=\/wp\/v2\/types\/page"}],"author":[{"embeddable":true,"href":"http:\/\/www.wingertsbergschule-lorsch.de\/index.php?rest_route=\/wp\/v2\/users\/1"}],"replies":[{"embeddable":true,"href":"http:\/\/www.wingertsbergschule-lorsch.de\/index.php?rest_route=%2Fwp%2Fv2%2Fcomments&post=244"}],"version-history":[{"count":39,"href":"http:\/\/www.wingertsbergschule-lorsch.de\/index.php?rest_route=\/wp\/v2\/pages\/244\/revisions"}],"predecessor-version":[{"id":4665,"href":"http:\/\/www.wingertsbergschule-lorsch.de\/index.php?rest_route=\/wp\/v2\/pages\/244\/revisions\/4665"}],"wp:attachment":[{"href":"http:\/\/www.wingertsbergschule-lorsch.de\/index.php?rest_route=%2Fwp%2Fv2%2Fmedia&parent=244"}],"curies":[{"name":"wp","href":"https:\/\/api.w.org\/{rel}","templated":true}]}}