{"id":128,"date":"2022-12-23T18:44:44","date_gmt":"2022-12-23T16:44:44","guid":{"rendered":"http:\/\/www.wingertsbergschule-lorsch.de\/?page_id=128"},"modified":"2026-04-20T09:27:51","modified_gmt":"2026-04-20T07:27:51","slug":"128-2","status":"publish","type":"page","link":"https:\/\/www.wingertsbergschule-lorsch.de\/","title":{"rendered":"Willkommen auf der Homepage der Wingertsbergschule"},"content":{"rendered":"<p>&nbsp;<\/p>\n<hr \/>\n<p><span style=\"font-size: 12pt; font-family: Comic Sans MS,sans-serif;\"><span style=\"color: #000000;\">Liebe Besucher,<\/span><a href=\"http:\/\/www.wingertsbergschule-lorsch.de\/wp-content\/uploads\/2014\/08\/calvin.gif\"><img loading=\"lazy\" class=\"alignnone wp-image-149 size-full\" src=\"http:\/\/www.wingertsbergschule-lorsch.de\/wp-content\/uploads\/2014\/08\/calvin.gif\" alt=\"calvin\" width=\"63\" height=\"63\" \/><\/a><\/span><\/p>\n<p><span style=\"font-size: 12pt; font-family: Comic Sans MS,sans-serif;\"><span style=\"color: #000000;\">hier finden Sie Informationen \u00fcber unsere Schule, \u00fcber Aktivit\u00e4ten einzelner Klassen, aktuelle<\/span> <a title=\"Termine\" href=\"http:\/\/www.wingertsbergschule-lorsch.de\/?page_id=24\" target=\"_blank\" rel=\"noopener noreferrer\"><span style=\"color: #0000ff;\">Termine<\/span><\/a> <span style=\"color: #000000;\">zum jeweils laufenden Schuljahr u.v.m. !<\/span><\/span><\/p>\n<p>_________________________________________________________________________________________________<\/p>\n<p style=\"text-align: center;\"><em><span style=\"color: #000000; font-family: comic; font-size: 12pt;\">Betreuung &#8211; Tr\u00e4gerwechsel<\/span><\/em><\/p>\n<p><span style=\"color: #000000; font-family: comic; font-size: 12pt;\">Ab dem Schuljahr 2026\/2027 wird der Tr\u00e4ger der Betreuung wechseln, zuk\u00fcnftig wird <span style=\"color: #ff0000;\">KuBus e.V. aus Lindenfels<\/span> dies \u00fcbernehmen. Ein Infoschreiben des neuen Tr\u00e4gers finden sie <span style=\"color: #0000ff;\"><a style=\"color: #0000ff;\" href=\"http:\/\/www.wingertsbergschule-lorsch.de\/wp-content\/uploads\/2026\/03\/Elterninformationsbrief-Traegerwechsel-Lorsch.pdf\" target=\"_blank\" rel=\"noopener\">hier<\/a><\/span>. Zur Homepage von KuBus e.V. geht es <span style=\"color: #0000ff;\"><a style=\"color: #0000ff;\" href=\"https:\/\/www.kubus-kroeckelbach.de\/de\/kubuS-e-v.html\" target=\"_blank\" rel=\"noopener\">hier<\/a><\/span> entlang. <\/span><\/p>\n<p><span style=\"color: #000000; font-family: comic; font-size: 12pt;\">Aktuelle Informationen zu einem Elternabend finden Sie <a href=\"http:\/\/www.wingertsbergschule-lorsch.de\/wp-content\/uploads\/2026\/04\/Einladung-Elternabend-Wingertsbergschule-28.04.26.pdf\" target=\"_blank\" rel=\"noopener\">hier.<\/a> Zu diesem Elternabend in der Werner-von-Siemens Sporthalle sind alle Eltern eingeladen, die weiterhin Ihr Kind betreuen lassen wollen oder zuk\u00fcnftig das Angebot von KuBus nutzen m\u00f6chten. Klicken Sie hier, um alles zu den <a href=\"http:\/\/www.wingertsbergschule-lorsch.de\/wp-content\/uploads\/2026\/03\/KuBus-Elternbrief-Zugang-zu-den-Betreuungsvertraegen-Lorsch.pdf\" target=\"_blank\" rel=\"noopener\">Betreuungsvertr\u00e4gen<\/a> zu erfahren.<\/span><\/p>\n<p>__________________________________________________________________________________________________<\/p>\n<p><span style=\"font-family: Comic Sans MS,sans-serif; font-size: 12pt;\"><span style=\"color: #000000;\">Hier finden Sie den aktuellen Lorscher<\/span> <a href=\"http:\/\/www.wingertsbergschule-lorsch.de\/wp-content\/uploads\/2015\/08\/Schulleitweg.pdf\">Schulleitweg<\/a>\u00a0<span style=\"color: #000000;\">sowie eine Vorstellung unserer Schule in unserem Beitrag zur <a href=\"http:\/\/www.wingertsbergschule-lorsch.de\/?p=3176\"><span style=\"font-size: 18pt;\"><span style=\"color: #0000ff;\">Einschulung<\/span><\/span><\/a>.<\/span><\/span><\/p>\n<p><span style=\"font-family: comic; color: #000000; font-size: 12pt;\"><strong>BITTE<\/strong> lassen Sie Ihr Kind nach M\u00f6glichkeit zu Fu\u00df in die Schule laufen ! <\/span><span style=\"font-family: comic; color: #000000; font-size: 12pt;\">Wenn es aber doch mal sein muss, dass Sie Ihr Kind mit dem Auto bringen, <\/span><span style=\"font-family: comic; color: #000000; font-size: 12pt;\">dann nutzen Sie zuk\u00fcnftig\u00a0 <strong>BITTE<\/strong> die\u00a0 <strong><a href=\"http:\/\/www.wingertsbergschule-lorsch.de\/?cat=1\">Eltern-Taxi-Pl\u00e4tze<\/a>!<\/strong><\/span><\/p>\n<p style=\"text-align: center;\"><span style=\"color: #ff0000; font-size: 12pt; font-family: comic;\">\u00a0<\/span><span style=\"color: #000000; font-size: 12pt; font-family: comic;\">Viel Spa\u00df beim Surfen !!!<\/span><\/p>\n<hr \/>\n<p><em><span style=\"font-family: comic; font-size: 12pt; color: #000000;\">Wir unterst\u00fctzen gerne Lorscher Vereine, indem wir f\u00fcr bestimmte Veranstaltungen werben. Vereine k\u00f6nnen sich mit Anfragen an die Schulleitung wenden, damit z.B. Werbung f\u00fcr ein Event \u00fcber den Mailverteiler der Eltern oder \u00fcber unsere SDUI-App weitergeleitet wird.<\/span><\/em><\/p>\n<hr \/>\n<p style=\"text-align: center;\"><span style=\"font-family: Comic Sans MS,sans-serif;\"><strong><span style=\"font-size: 14pt; color: #008000;\">Willkommen in unserer <em>bewegten Schule<\/em><\/span><\/strong><\/span><\/p>\n<p><span style=\"font-family: Comic Sans MS,sans-serif;\"><a href=\"http:\/\/www.wingertsbergschule-lorsch.de\/wp-content\/uploads\/2014\/08\/Herz-von-oben.jpg\"><img loading=\"lazy\" class=\"aligncenter wp-image-145 size-medium\" src=\"http:\/\/www.wingertsbergschule-lorsch.de\/wp-content\/uploads\/2014\/08\/Herz-von-oben-300x200.jpg\" alt=\"Kinder von oben mit Sitzkissen\" width=\"300\" height=\"200\" srcset=\"https:\/\/www.wingertsbergschule-lorsch.de\/wp-content\/uploads\/2014\/08\/Herz-von-oben-300x200.jpg 300w, https:\/\/www.wingertsbergschule-lorsch.de\/wp-content\/uploads\/2014\/08\/Herz-von-oben-1024x682.jpg 1024w, https:\/\/www.wingertsbergschule-lorsch.de\/wp-content\/uploads\/2014\/08\/Herz-von-oben.jpg 1329w\" sizes=\"(max-width: 300px) 100vw, 300px\" \/><\/a><\/span><\/p>\n<p style=\"text-align: center;\"><span style=\"font-size: 12pt; color: #000000; font-family: Comic Sans MS,sans-serif;\"><em>&#8222;Bewegung macht beweglich &#8211; und Beweglichkeit kann manches in Bewegung setzen.&#8220;<\/em><\/span><\/p>\n<p style=\"text-align: center;\"><span style=\"font-size: 10pt; color: #000000;\">Paul Haschek <\/span><span style=\"font-size: 12pt; color: #000000; font-family: Comic Sans MS,sans-serif;\"><span style=\"font-size: 10pt;\"><small class=\"author-info\">(1932 &#8211; 2011), deutscher Theologe<\/small><\/span><\/span><\/p>\n<p style=\"text-align: center;\"><span style=\"font-size: 12pt; font-family: Comic Sans MS,sans-serif;\"><a href=\"http:\/\/www.wingertsbergschule-lorsch.de\/?page_id=580\">Hier klicken,<\/a> um mehr zu erfahren!<\/span><\/p>\n<hr \/>\n<p style=\"text-align: center;\"><span style=\"font-family: Comic Sans MS,sans-serif;\"><span style=\"font-size: 12pt; color: #000000;\">TELEFON:<\/span><a href=\"http:\/\/www.wingertsbergschule-lorsch.de\/wp-content\/uploads\/2014\/08\/telefon-animiert.gif\"><img loading=\"lazy\" class=\"aligncenter wp-image-150\" src=\"http:\/\/www.wingertsbergschule-lorsch.de\/wp-content\/uploads\/2014\/08\/telefon-animiert.gif\" alt=\"telefon-animiert\" width=\"69\" height=\"48\" \/><\/a><span style=\"font-size: 12pt; color: #000000;\">(0 62 51) 50 80<\/span><\/span><\/p>\n<p style=\"text-align: center;\"><span style=\"font-size: 12pt; color: #000000; font-family: Comic Sans MS,sans-serif;\"><span style=\"font-size: 12pt; color: #000000;\">FAX:<br \/>\n<a href=\"http:\/\/www.wingertsbergschule-lorsch.de\/wp-content\/uploads\/2014\/08\/Fax-animiert.gif\"><img loading=\"lazy\" class=\"aligncenter wp-image-152\" src=\"http:\/\/www.wingertsbergschule-lorsch.de\/wp-content\/uploads\/2014\/08\/Fax-animiert.gif\" alt=\"Fax animiert\" width=\"88\" height=\"64\" \/><\/a><\/span>(0 62 51) 55 06 02<\/span><\/p>\n<p style=\"text-align: center;\"><span style=\"font-size: 12pt; color: #000000; font-family: Comic Sans MS,sans-serif;\">POSTADRESSE:<\/span><br \/>\n<span style=\"font-size: 12pt; color: #000000; font-family: Comic Sans MS,sans-serif;\"> Justus-Liebig-Stra\u00dfe 27, 64653 Lorsch<\/span><\/p>\n<div style=\"padding-left: 135px;\"><span style=\"font-family: Comic Sans MS,sans-serif;\"><iframe loading=\"lazy\" style=\"border: 0px none;\" src=\"https:\/\/www.google.com\/maps\/embed?pb=!1m18!1m12!1m3!1d2582.926189139271!2d8.568900000000003!3d49.65568999999999!2m3!1f0!2f0!3f0!3m2!1i1024!2i768!4f13.1!3m3!1m2!1s0x4797d6f98a5326ff%3A0x9bba43e391bdf474!2sGrundschule+Wingertsberg!5e0!3m2!1sde!2sde!4v1408890852974\" width=\"412\" height=\"371\" frameborder=\"0\"><\/iframe><\/span><\/div>\n<div style=\"padding-left: 125px;\"><\/div>\n<p style=\"text-align: center;\"><span style=\"font-size: 12pt; color: #000000; font-family: Comic Sans MS,sans-serif;\">E-MAIL:<br \/>\n<a href=\"mailto:wingertsbergschule@kreis-bergstrasse.de\">wingertsbergschule (at) kreis-bergstrasse.de<\/a><\/span><\/p>\n<p style=\"text-align: center;\"><span style=\"font-size: 12pt; color: #000000; font-family: Comic Sans MS,sans-serif;\">\u00d6FFNUNGSZEITEN DES SEKRETARIATS:<br \/>\n7.30 Uhr &#8211; 14. 00 Uhr<\/span><\/p>\n<div class=\"pvc_clear\"><\/div>\n<p id=\"pvc_stats_128\" class=\"pvc_stats all  \" data-element-id=\"128\" style=\"\"><i class=\"pvc-stats-icon large\" aria-hidden=\"true\"><svg aria-hidden=\"true\" focusable=\"false\" data-prefix=\"far\" data-icon=\"chart-bar\" role=\"img\" xmlns=\"http:\/\/www.w3.org\/2000\/svg\" viewBox=\"0 0 512 512\" class=\"svg-inline--fa fa-chart-bar fa-w-16 fa-2x\"><path fill=\"currentColor\" d=\"M396.8 352h22.4c6.4 0 12.8-6.4 12.8-12.8V108.8c0-6.4-6.4-12.8-12.8-12.8h-22.4c-6.4 0-12.8 6.4-12.8 12.8v230.4c0 6.4 6.4 12.8 12.8 12.8zm-192 0h22.4c6.4 0 12.8-6.4 12.8-12.8V140.8c0-6.4-6.4-12.8-12.8-12.8h-22.4c-6.4 0-12.8 6.4-12.8 12.8v198.4c0 6.4 6.4 12.8 12.8 12.8zm96 0h22.4c6.4 0 12.8-6.4 12.8-12.8V204.8c0-6.4-6.4-12.8-12.8-12.8h-22.4c-6.4 0-12.8 6.4-12.8 12.8v134.4c0 6.4 6.4 12.8 12.8 12.8zM496 400H48V80c0-8.84-7.16-16-16-16H16C7.16 64 0 71.16 0 80v336c0 17.67 14.33 32 32 32h464c8.84 0 16-7.16 16-16v-16c0-8.84-7.16-16-16-16zm-387.2-48h22.4c6.4 0 12.8-6.4 12.8-12.8v-70.4c0-6.4-6.4-12.8-12.8-12.8h-22.4c-6.4 0-12.8 6.4-12.8 12.8v70.4c0 6.4 6.4 12.8 12.8 12.8z\" class=\"\"><\/path><\/svg><\/i> <img loading=\"lazy\" width=\"16\" height=\"16\" alt=\"Loading\" src=\"https:\/\/www.wingertsbergschule-lorsch.de\/wp-content\/plugins\/page-views-count\/ajax-loader-2x.gif\" border=0 \/><\/p>\n<div class=\"pvc_clear\"><\/div>\n","protected":false},"excerpt":{"rendered":"<p>&nbsp; Liebe Besucher, hier finden Sie Informationen \u00fcber unsere Schule, \u00fcber Aktivit\u00e4ten einzelner Klassen, aktuelle Termine zum jeweils laufenden Schuljahr u.v.m. ! _________________________________________________________________________________________________ Betreuung &#8211; Tr\u00e4gerwechsel Ab dem Schuljahr 2026\/2027 wird der Tr\u00e4ger der Betreuung wechseln, zuk\u00fcnftig wird KuBus e.V. aus Lindenfels dies \u00fcbernehmen. Ein Infoschreiben des neuen Tr\u00e4gers finden sie hier. Zur Homepage von [&hellip;]<\/p>\n<div class=\"pvc_clear\"><\/div>\n<p id=\"pvc_stats_128\" class=\"pvc_stats all  \" data-element-id=\"128\" style=\"\"><i class=\"pvc-stats-icon large\" aria-hidden=\"true\"><svg aria-hidden=\"true\" focusable=\"false\" data-prefix=\"far\" data-icon=\"chart-bar\" role=\"img\" xmlns=\"http:\/\/www.w3.org\/2000\/svg\" viewBox=\"0 0 512 512\" class=\"svg-inline--fa fa-chart-bar fa-w-16 fa-2x\"><path fill=\"currentColor\" d=\"M396.8 352h22.4c6.4 0 12.8-6.4 12.8-12.8V108.8c0-6.4-6.4-12.8-12.8-12.8h-22.4c-6.4 0-12.8 6.4-12.8 12.8v230.4c0 6.4 6.4 12.8 12.8 12.8zm-192 0h22.4c6.4 0 12.8-6.4 12.8-12.8V140.8c0-6.4-6.4-12.8-12.8-12.8h-22.4c-6.4 0-12.8 6.4-12.8 12.8v198.4c0 6.4 6.4 12.8 12.8 12.8zm96 0h22.4c6.4 0 12.8-6.4 12.8-12.8V204.8c0-6.4-6.4-12.8-12.8-12.8h-22.4c-6.4 0-12.8 6.4-12.8 12.8v134.4c0 6.4 6.4 12.8 12.8 12.8zM496 400H48V80c0-8.84-7.16-16-16-16H16C7.16 64 0 71.16 0 80v336c0 17.67 14.33 32 32 32h464c8.84 0 16-7.16 16-16v-16c0-8.84-7.16-16-16-16zm-387.2-48h22.4c6.4 0 12.8-6.4 12.8-12.8v-70.4c0-6.4-6.4-12.8-12.8-12.8h-22.4c-6.4 0-12.8 6.4-12.8 12.8v70.4c0 6.4 6.4 12.8 12.8 12.8z\" class=\"\"><\/path><\/svg><\/i> <img loading=\"lazy\" width=\"16\" height=\"16\" alt=\"Loading\" src=\"https:\/\/www.wingertsbergschule-lorsch.de\/wp-content\/plugins\/page-views-count\/ajax-loader-2x.gif\" border=0 \/><\/p>\n<div class=\"pvc_clear\"><\/div>\n","protected":false},"author":1,"featured_media":0,"parent":0,"menu_order":0,"comment_status":"closed","ping_status":"closed","template":"","meta":[],"_links":{"self":[{"href":"https:\/\/www.wingertsbergschule-lorsch.de\/index.php?rest_route=\/wp\/v2\/pages\/128"}],"collection":[{"href":"https:\/\/www.wingertsbergschule-lorsch.de\/index.php?rest_route=\/wp\/v2\/pages"}],"about":[{"href":"https:\/\/www.wingertsbergschule-lorsch.de\/index.php?rest_route=\/wp\/v2\/types\/page"}],"author":[{"embeddable":true,"href":"https:\/\/www.wingertsbergschule-lorsch.de\/index.php?rest_route=\/wp\/v2\/users\/1"}],"replies":[{"embeddable":true,"href":"https:\/\/www.wingertsbergschule-lorsch.de\/index.php?rest_route=%2Fwp%2Fv2%2Fcomments&post=128"}],"version-history":[{"count":476,"href":"https:\/\/www.wingertsbergschule-lorsch.de\/index.php?rest_route=\/wp\/v2\/pages\/128\/revisions"}],"predecessor-version":[{"id":4658,"href":"https:\/\/www.wingertsbergschule-lorsch.de\/index.php?rest_route=\/wp\/v2\/pages\/128\/revisions\/4658"}],"wp:attachment":[{"href":"https:\/\/www.wingertsbergschule-lorsch.de\/index.php?rest_route=%2Fwp%2Fv2%2Fmedia&parent=128"}],"curies":[{"name":"wp","href":"https:\/\/api.w.org\/{rel}","templated":true}]}}