{"id":4616,"date":"2026-02-24T11:06:27","date_gmt":"2026-02-24T09:06:27","guid":{"rendered":"https:\/\/www.wingertsbergschule-lorsch.de\/?page_id=4616"},"modified":"2026-02-24T11:15:14","modified_gmt":"2026-02-24T09:15:14","slug":"grundschule-marie-curie","status":"publish","type":"page","link":"https:\/\/www.wingertsbergschule-lorsch.de\/?page_id=4616","title":{"rendered":"Grundschule Marie Curie"},"content":{"rendered":"<p><a href=\"https:\/\/www.wingertsbergschule-lorsch.de\/?attachment_id=4618\" rel=\"attachment wp-att-4618\"><img loading=\"lazy\" class=\"size-medium wp-image-4618 aligncenter\" src=\"http:\/\/www.wingertsbergschule-lorsch.de\/wp-content\/uploads\/2026\/02\/Marie-Curie-Bau-243x300.png\" alt=\"\" width=\"243\" height=\"300\" srcset=\"https:\/\/www.wingertsbergschule-lorsch.de\/wp-content\/uploads\/2026\/02\/Marie-Curie-Bau-243x300.png 243w, https:\/\/www.wingertsbergschule-lorsch.de\/wp-content\/uploads\/2026\/02\/Marie-Curie-Bau.png 245w\" sizes=\"(max-width: 243px) 100vw, 243px\" \/><\/a><\/p>\n<p style=\"text-align: center;\"><span style=\"color: #000000; font-size: 12pt;\">Ab dem Schuljahr 2026\/2027 wird es in Lorsch eine zweite neue Grundschule geben. <\/span><br \/>\n<span style=\"color: #000000; font-size: 12pt;\">Derzeit wird sie in der Kiefernstra\u00dfe neben der Werner-von-Siemens-Schule gebaut. <\/span><br \/>\n<span style=\"color: #000000; font-size: 12pt;\">Urspr\u00fcnglich sollte die Schule zum neuen Schuljahr im August 2026 fertiggestellt sein. <\/span><br \/>\n<span style=\"color: #000000; font-size: 12pt;\">Da dies aufgrund von Bauverz\u00f6gerungen nicht m\u00f6glich ist, wird sie vorerst in den R\u00e4umen <\/span><br \/>\n<span style=\"color: #000000; font-size: 12pt;\">der Wingertsbergschule untergebracht.<\/span><\/p>\n<p style=\"text-align: center;\"><span style=\"color: #000000; font-size: 12pt;\">Derzeit gehen die Planungen davon aus, dass das Geb\u00e4ude der Grundschule Marie Curie <\/span><br \/>\n<span style=\"color: #000000; font-size: 12pt;\">zum Halbjahr 2026\/2027, also im Februar 2027, fertiggestellt sein wird und ein Umzug der Klassen stattfinden kann.<\/span><br \/>\n<span style=\"color: #000000; font-size: 12pt;\">Die Grundschule Marie Curie wird maximal vierz\u00fcgig je Jahrgang sein, die Wingertsbergschule bleibt dauerhaft vierz\u00fcgig. <\/span><br \/>\n<span style=\"color: #000000; font-size: 12pt;\">Folgende aktuelle Klassen der Wingertsbergschule <\/span><span style=\"color: #000000; font-size: 12pt;\">wechseln zum neuen Schuljahr in die Grundschule Marie Curie: <\/span><br \/>\n<span style=\"color: #000000; font-size: 12pt;\">2e\/2f\/2g und 3e\/3f. Zudem werden drei neue erste Klassen gebildet. <\/span><br \/>\n<span style=\"color: #000000; font-size: 12pt;\">Der zuk\u00fcnftige vierte Jahrgang \u2013 die jetzigen dritten Klassen &#8211; wird auch komplett (das) sein letztes Grundschuljahr an der Wingertsbergschule verbringen.<\/span><\/p>\n<p style=\"text-align: center;\"><span style=\"color: #000000; font-size: 12pt;\">Am 12. Februar 2026 fand dazu ein Infoabend des Kreises Bergstra\u00dfe statt. Die Pr\u00e4sentation des Abends finden Sie <span style=\"color: #0000ff;\"><a style=\"color: #0000ff;\" href=\"http:\/\/www.wingertsbergschule-lorsch.de\/wp-content\/uploads\/2026\/02\/Infoabend-Schulstart-Grundschule-Marie-Curie-Lorsch.pdf\" target=\"_blank\" rel=\"noopener\">hier.<\/a><\/span><\/span><\/p>\n<p style=\"text-align: center;\"><span style=\"color: #000000; font-size: 12pt;\">Eine \u00dcbersicht \u00fcber die Grundschulbezirke f\u00fcr das Schuljahr 2026\/2027 finden Sie hier:<\/span><\/p>\n<p style=\"text-align: center;\"><span style=\"color: #000000; font-size: 12pt;\"><br \/>\n<\/span><span style=\"color: #0000ff;\"><a style=\"color: #0000ff;\" href=\"http:\/\/www.wingertsbergschule-lorsch.de\/wp-content\/uploads\/2026\/02\/WBS-2026-Ueberschneidungsgebiet-Grundschulen-Lorsch.pdf\" target=\"_blank\" rel=\"noopener\"><span style=\"font-size: 12pt;\">Zuteilung Wingertsbergschule<\/span><\/a><\/span><\/p>\n<p style=\"text-align: center;\"><span style=\"color: #0000ff;\"><a style=\"color: #0000ff;\" href=\"http:\/\/www.wingertsbergschule-lorsch.de\/wp-content\/uploads\/2026\/02\/GMC-2026-Ueberschneidungsgebiet-Grundschulen-Lorsch.pdf\" target=\"_blank\" rel=\"noopener\"><span style=\"font-size: 12pt;\">Zuteilung Grundschule Marie Curie<\/span><\/a><\/span><\/p>\n<p style=\"text-align: center;\"><span style=\"color: #000000; font-size: 12pt;\">Bitte beachten Sie,<\/span><br \/>\n<span style=\"color: #000000; font-size: 12pt;\">dass sich die Zuweisungen in die jeweilige Grundschule im \u00dcberschneidungsgebiet in den n\u00e4chsten Schuljahren unterscheiden k\u00f6nnen. <\/span><br \/>\n<span style=\"color: #000000; font-size: 12pt;\">Informationen zum \u00dcberschneidungsgebiet der Grundschulen finden Sie auf dieser <span style=\"color: #0000ff;\"><a style=\"color: #0000ff;\" href=\"https:\/\/buergergis.kreis-bergstrasse.de\/EXTERN\/synserver?project=BuergerGIS&amp;client=flexjs&amp;language=de&amp;view=kat&amp;basemapview=topo_esri&amp;x=963200&amp;y=6373500&amp;scale=288895.27714440756\" target=\"_blank\" rel=\"noopener\">Homepage.<\/a><\/span><\/span><\/p>\n<div class=\"pvc_clear\"><\/div>\n<p id=\"pvc_stats_4616\" class=\"pvc_stats all  \" data-element-id=\"4616\" style=\"\"><i class=\"pvc-stats-icon large\" aria-hidden=\"true\"><svg aria-hidden=\"true\" focusable=\"false\" data-prefix=\"far\" data-icon=\"chart-bar\" role=\"img\" xmlns=\"http:\/\/www.w3.org\/2000\/svg\" viewBox=\"0 0 512 512\" class=\"svg-inline--fa fa-chart-bar fa-w-16 fa-2x\"><path fill=\"currentColor\" d=\"M396.8 352h22.4c6.4 0 12.8-6.4 12.8-12.8V108.8c0-6.4-6.4-12.8-12.8-12.8h-22.4c-6.4 0-12.8 6.4-12.8 12.8v230.4c0 6.4 6.4 12.8 12.8 12.8zm-192 0h22.4c6.4 0 12.8-6.4 12.8-12.8V140.8c0-6.4-6.4-12.8-12.8-12.8h-22.4c-6.4 0-12.8 6.4-12.8 12.8v198.4c0 6.4 6.4 12.8 12.8 12.8zm96 0h22.4c6.4 0 12.8-6.4 12.8-12.8V204.8c0-6.4-6.4-12.8-12.8-12.8h-22.4c-6.4 0-12.8 6.4-12.8 12.8v134.4c0 6.4 6.4 12.8 12.8 12.8zM496 400H48V80c0-8.84-7.16-16-16-16H16C7.16 64 0 71.16 0 80v336c0 17.67 14.33 32 32 32h464c8.84 0 16-7.16 16-16v-16c0-8.84-7.16-16-16-16zm-387.2-48h22.4c6.4 0 12.8-6.4 12.8-12.8v-70.4c0-6.4-6.4-12.8-12.8-12.8h-22.4c-6.4 0-12.8 6.4-12.8 12.8v70.4c0 6.4 6.4 12.8 12.8 12.8z\" class=\"\"><\/path><\/svg><\/i> <img loading=\"lazy\" width=\"16\" height=\"16\" alt=\"Loading\" src=\"https:\/\/www.wingertsbergschule-lorsch.de\/wp-content\/plugins\/page-views-count\/ajax-loader-2x.gif\" border=0 \/><\/p>\n<div class=\"pvc_clear\"><\/div>\n","protected":false},"excerpt":{"rendered":"<p>Ab dem Schuljahr 2026\/2027 wird es in Lorsch eine zweite neue Grundschule geben. Derzeit wird sie in der Kiefernstra\u00dfe neben der Werner-von-Siemens-Schule gebaut. Urspr\u00fcnglich sollte die Schule zum neuen Schuljahr im August 2026 fertiggestellt sein. Da dies aufgrund von Bauverz\u00f6gerungen nicht m\u00f6glich ist, wird sie vorerst in den R\u00e4umen der Wingertsbergschule untergebracht. Derzeit gehen die [&hellip;]<\/p>\n<div class=\"pvc_clear\"><\/div>\n<p id=\"pvc_stats_4616\" class=\"pvc_stats all  \" data-element-id=\"4616\" style=\"\"><i class=\"pvc-stats-icon large\" aria-hidden=\"true\"><svg aria-hidden=\"true\" focusable=\"false\" data-prefix=\"far\" data-icon=\"chart-bar\" role=\"img\" xmlns=\"http:\/\/www.w3.org\/2000\/svg\" viewBox=\"0 0 512 512\" class=\"svg-inline--fa fa-chart-bar fa-w-16 fa-2x\"><path fill=\"currentColor\" d=\"M396.8 352h22.4c6.4 0 12.8-6.4 12.8-12.8V108.8c0-6.4-6.4-12.8-12.8-12.8h-22.4c-6.4 0-12.8 6.4-12.8 12.8v230.4c0 6.4 6.4 12.8 12.8 12.8zm-192 0h22.4c6.4 0 12.8-6.4 12.8-12.8V140.8c0-6.4-6.4-12.8-12.8-12.8h-22.4c-6.4 0-12.8 6.4-12.8 12.8v198.4c0 6.4 6.4 12.8 12.8 12.8zm96 0h22.4c6.4 0 12.8-6.4 12.8-12.8V204.8c0-6.4-6.4-12.8-12.8-12.8h-22.4c-6.4 0-12.8 6.4-12.8 12.8v134.4c0 6.4 6.4 12.8 12.8 12.8zM496 400H48V80c0-8.84-7.16-16-16-16H16C7.16 64 0 71.16 0 80v336c0 17.67 14.33 32 32 32h464c8.84 0 16-7.16 16-16v-16c0-8.84-7.16-16-16-16zm-387.2-48h22.4c6.4 0 12.8-6.4 12.8-12.8v-70.4c0-6.4-6.4-12.8-12.8-12.8h-22.4c-6.4 0-12.8 6.4-12.8 12.8v70.4c0 6.4 6.4 12.8 12.8 12.8z\" class=\"\"><\/path><\/svg><\/i> <img loading=\"lazy\" width=\"16\" height=\"16\" alt=\"Loading\" src=\"https:\/\/www.wingertsbergschule-lorsch.de\/wp-content\/plugins\/page-views-count\/ajax-loader-2x.gif\" border=0 \/><\/p>\n<div class=\"pvc_clear\"><\/div>\n","protected":false},"author":1,"featured_media":0,"parent":0,"menu_order":0,"comment_status":"closed","ping_status":"closed","template":"","meta":[],"_links":{"self":[{"href":"https:\/\/www.wingertsbergschule-lorsch.de\/index.php?rest_route=\/wp\/v2\/pages\/4616"}],"collection":[{"href":"https:\/\/www.wingertsbergschule-lorsch.de\/index.php?rest_route=\/wp\/v2\/pages"}],"about":[{"href":"https:\/\/www.wingertsbergschule-lorsch.de\/index.php?rest_route=\/wp\/v2\/types\/page"}],"author":[{"embeddable":true,"href":"https:\/\/www.wingertsbergschule-lorsch.de\/index.php?rest_route=\/wp\/v2\/users\/1"}],"replies":[{"embeddable":true,"href":"https:\/\/www.wingertsbergschule-lorsch.de\/index.php?rest_route=%2Fwp%2Fv2%2Fcomments&post=4616"}],"version-history":[{"count":10,"href":"https:\/\/www.wingertsbergschule-lorsch.de\/index.php?rest_route=\/wp\/v2\/pages\/4616\/revisions"}],"predecessor-version":[{"id":4630,"href":"https:\/\/www.wingertsbergschule-lorsch.de\/index.php?rest_route=\/wp\/v2\/pages\/4616\/revisions\/4630"}],"wp:attachment":[{"href":"https:\/\/www.wingertsbergschule-lorsch.de\/index.php?rest_route=%2Fwp%2Fv2%2Fmedia&parent=4616"}],"curies":[{"name":"wp","href":"https:\/\/api.w.org\/{rel}","templated":true}]}}